0. What is w(0)?
-10
Let a(i) = 4*i**3 + 32*i**2 - 11*i - 67. What is a(-8)?
21
Let a(r) = r**2 + 168*r - 16704. Determine a(70).
-44
Let b(f) = 138*f - 1511. Determine b(19).
1111
Let q(f) = 13139*f + 4743179. Calculate q(-361).
0
Let k(j) = -7969*j + 72048. Determine k(9).
327
Let l(i) = 7*i**2 + 3472*i - 9. Determine l(-496).
-9
Let j(k) = -8*k**3 + 652*k**2 + 1345*k + 15. Calculate j(-2).
-3
Let u(p) = -3192*p - 47860. Give u(-15).
20
Let d(w) = -58*w**2 - 1131*w + 28. What is d(-20)?
-552
Let r(w) = 2163*w - 8651. What is r(4)?
1
Let d(p) = 786*p + 84735. What is d(-108)?
-153
Let x(i) = -708413*i + 13459832. What is x(19)?
-15
Let y(c) = c**3 - 39*c**2 + 402*c - 17701. Determine y(40).
-21
Let q(m) = -1521*m + 346785. Give q(228).
-3
Let m(f) = -f**3 - 361*f**2 - 15810*f - 53. Give m(-51).
-53
Let t(i) = -373*i - 29835. Give t(-80).
5
Let g(b) = -b**3 + 56*b**2 - 797*b + 24865. Calculate g(50).
15
Let d(x) = -66*x**2 + 3578*x + 7156. Determine d(-2).
-264
Let k(l) = -l**3 - 173*l**2 - 759*l - 14027. Determine k(-169).
0
Let u(y) = y**2 + 6*y + 537. What is u(17)?
928
Let c(n) = -551*n**2 + 2752*n + 3. What is c(5)?
-12
Let u(f) = f**3 - 10*f**2 - 18*f + 32. Determine u(-3).
-31
Let n(k) = 3054*k - 17504. Calculate n(6).
820
Let m(b) = 2*b**3 + 505*b**2 + 217*b - 10117. Give m(-252).
-1297
Let p(a) = 44526*a + 1558412. What is p(-35)?
2
Let d(o) = 8*o**3 + 1281*o**2 - 4*o + 1. Give d(0).
1
Let k(f) = 6658*f - 13685. Calculate k(2).
-369
Let h(z) = 105*z**2 + 4*z. Determine h(-3).
933
Let q(l) = 2177*l + 311207. What is q(-143)?
-104
Let d(q) = -11*q**3 + 274*q**2 - 101*q + 3087. What is d(25)?
-63
Let d(l) = 2673*l - 248615. Calculate d(93).
-26
Let a(w) = 283*w + 17422. Calculate a(-61).
159
Let v(c) = -2*c**2 + 2090*c - 262524. Calculate v(146).
-16
Let n(w) = 65*w**2 - 12*w + 11. Give n(4).
1003
Let h(o) = 6570*o + 19743. Calculate h(-3).
33
Let m(b) = -284*b**3 - 14*b - 16. Calculate m(-1).
282
Let g(k) = 39*k**3 - 541*k**2 - 58*k - 29. What is g(14)?
139
Let q(o) = -14*o**2 - 142*o + 4246. Give q(13).
34
Let o(k) = -k**2 - 2505*k + 5004. Determine o(2).
-10
Let w(b) = 3*b**2 - 496*b + 5688. Determine w(153).
27
Let q(b) = -537*b + 226555. Calculate q(422).
-59
Let t(y) = 637*y**2 - 7139*y + 18379. Determine t(4).
15
Let s(w) = -155*w**2 + 15334*w + 61. Give s(99).
-1028
Let u(g) = g**3 - 54*g**2 - 56*g + 3041. Determine u(54).
17
Let y(h) = -5528*h + 5548. Calculate y(1).
20
Let i(h) = -h**2 - 148*h + 39895. Determine i(139).
2
Let w(n) = 4*n**2 + 283*n + 2367. Give w(-61).
-12
Let u(a) = -23*a - 311. Determine u(-52).
885
Let j(w) = -2*w**2 + 1014*w - 127511. Give j(231).
1
Let m(x) = 2004*x + 939900. Calculate m(-469).
24
Let y(i) = 8*i**2 + 794*i + 5252. Determine y(-92).
-84
Let o(g) = 5*g**3 + 141*g**2 + 78*g - 46. Give o(-1).
12
Let a(f) = -f**3 - 430*f**2 - 609*f - 77215. What is a(-429)?
5
Let q(u) = 3*u**2 - 123*u - 18887. Determine q(-60).
-707
Let t(a) = -144*a**3 - 431*a**2 - 50*a - 152. Calculate t(-3).
7
Let s(l) = -l**3 - 147*l**2 + 448*l - 365. What is s(-150)?
-65
Let g(f) = -f**3 + 117*f**2 - 1770*f - 54217. Give g(91).
19
Let z(l) = -l**3 + 163*l**2 + 40*l - 6553. What is z(163)?
-33
Let r(m) = 171*m - 3770. Give r(19).
-521
Let s(j) = 2*j**2 + 869*j + 92191. Give s(-184).
7
Let h(r) = 64*r**2 - 5249*r - 33709. Calculate h(88).
-5
Let c(a) = 32*a**2 + 516*a + 1513. Determine c(-12).
-71
Let q(t) = t**2 + 11492*t + 206517. Calculate q(-18).
-15
Let p(n) = -1273*n - 15329. Give p(-12).
-53
Let b(l) = -3*l**2 - 673*l + 89369. Calculate b(-318).
11
Let t(m) = m**3 + 9*m**2 - 6278*m - 25195. Calculate t(-4).
-3
Let b(m) = 138*m + 47742. Give b(-346).
-6
Let u(r) = 7*r**3 - 4669*r**2 - 4706*r + 20072. Determine u(668).
32
Let c(z) = z**2 - 396*z - 7172. What is c(-17)?
-151
Let q(l) = -422*l**2 + 515*l - 114. Calculate q(1).
-21
Let k(f) = -4577*f - 31425. Give k(-7).
614
Let u(g) = -2*g**2 + 308*g + 273918. Give u(-301).
8
Let a(z) = -3*z**2 - 295*z - 5960. Give a(-23).
-762
Let l(q) = -142999*q - 8579941. Give l(-60).
-1
Let j(y) = y**2 + 2010*y + 469733. Calculate j(-270).
-67
Let i(n) = 10*n**3 - 148*n**2 - 451*n - 10. Calculate i(-3).
-259
Let o(a) = -14*a**3 - 1160*a**2 + 183*a - 323. What is o(-83)?
-1734
Let m(w) = 36*w**2 - 810*w + 69. Give m(27).
4443
Let n(f) = 4*f**2 + f - 32. Determine n(7).
171
Let h(d) = d**2 - 655*d - 35615. Calculate h(-51).
391
Let y(c) = -8*c**2 - 3256*c - 6502. Give y(-2).
-22
Let m(u) = -2*u**3 + 14*u**2 + 4*u + 206. What is m(11)?
-718
Let h(j) = -23*j**2 + 1037*j + 1043. Give h(-1).
-17
Let q(b) = 64*b - 1493. Determine q(26).
171
Let s(q) = q**2 - 17*q - 12485. What is s(-104)?
99
Let l(t) = -2*t**3 - 319*t**2 - 481*t - 1033. Determine l(-158).
73
Let i(q) = -971*q - 2029. Determine i(-2).
-87
Let s(m) = 44*m**3 - 827*m**2 - 142*m - 556. What is s(19)?
-5
Let g(b) = -b**3 + 13*b**2 + 134*b - 1556. Give g(15).
4
Let x(y) = y**2 + 34599*y + 657015. Determine x(-19).
-5
Let y(m) = 4*m**2 + 317*m + 445. Determine y(-78).
55
Let k(h) = -h**3 + 3*h**2 + 82237*h - 246715. Give k(3).
-4
Let b(z) = 72*z**3 + 7*z**2 - 717*z + 711. What is b(1)?
73
Let c(b) = 2*b**3 + 64*b**2 - 378*b - 359. Calculate c(-37).
-63
Let w(a) = 2*a**3 - 18*a**2 - a + 354. Determine w(13).
1693
Let u(x) = 157*x - 14212. Calculate u(76).
-2280
Let v(l) = -30689*l + 61455. Give v(2).
77
Let p(f) = -7349*f + 6743. Give p(1).
-606
Let s(x) = 266897*x + 1601367. Give s(-6).
-15
Let a(o) = -3*o**3 - 43*o**2 + 64*o - 2410. Give a(-18).
2
Let a(m) = 22*m - 3277. Determine a(138).
-241
Let l(h) = 6*h**2 - 28048*h + 112106. What is l(4)?
10
Let f(z) = 2*z**3 + 34*z**2 - 333*z - 5324. What is f(-18)?
22
Let c(o) = 1456*o + 1101. Give c(-1).
-355
Let x(u) = -102*u**3 - 1943*u**2 + 204*u + 5684. What is x(-19)?
3
Let k(z) = 24*z**3 + 479*z**2 - 54*z - 504. Determine k(-20).
176
Let s(o) = -11*o**2 + 90*o + 426. Determine s(-7).
-743
Let w(d) = 9734*d - 2121999. Calculate w(218).
13
Let x(s) = 468047*s + 3744384. Give x(-8).
8
Let n(m) = -m**3 + 37*m**2 - 16*m + 4. What is n(5)?
724
Let k(p) = p**2 + 125*p + 1869. Give k(-17).
33
Let g(q) = -4686*q + 33479. Calculate g(7).
677
Let g(p) = -11*p**2 + 2151*p - 69696. Determine g(41).
4
Let r(v) = -v**3 - 41*v**2 - 369*v - 15101. What is r(-41)?
28
Let p(d) = 12*d**2 - 101*d + 1053. Calculate p(11).
1394
Let n(u) = 13921*u + 612549. Calculate n(-44).
25
Let t(w) = -53068*w - 1379783. What is t(-26)?
-15
Let l(v) = -1876*v - 71285. Calculate l(-38).
3
Let f(b) = b**3 - 188*b**2 + 182*b + 2529. What is f(187)?
1594
Let a(j) = 4208*j + 252492. Give a(-60).
12
Let k(b) = 20776*b + 124672. Calculate k(-6).
16
Let p(n) = 2*n**3 + 7*n**2 - 1618*n - 3258. Give p(-2).
-10
Let i(f) = -f**3 - 50*f**2 - 137*f - 5015. Determine i(-49).
-703
Let g(y) = 94539*y - 9737521. What is g(103)?
-4
Let r(c) = -22*c**3 + 2901*c**2 + 401*c - 723. Calculate r(132).
-63
Let x(r) = -r**3 + 364*r**2 - 4557*r - 2308. Calculate x(351).
-202
Let c(g) = g**2 - 74*g - 217670. What is c(505)?
-15
Let k(a) = 6*a**2 - 59*a - 1779. Give k(22).
-173
Let m(v) = -758*v - 16656. Determine m(-22).
20
Let p(i) = 2*i**3 + 22*i**2 - 84114*i - 841343. Determine p(-10).
-3
Let i(d) = 4*d**3 - 82*d**2 + 107*d - 1803. What is i(20)?
-463
Let w(f) = 1550*f - 191922. Give w(124).
278
Let o(m) = 134*m**2 + 7162*m + 7162. What is o(-1)?
134
Let g(a) = -53*a**2 - 572*a + 802. Give g(-12).
34
Let h(s) = -s**3 + 61*s**2 - 655*s + 409. Calculate h(13).
6
Let m(a) = 2*a**3 - 9*a**2 + 16*a - 19. What is m(2)?
-7
Let b(w) = 12*w**2 - 1531*w - 7683. Give b(-5).
272
Let z(n) = 10*n**3 + 227*n**2 - 861*n - 55. What is z(-26)?
23
Let x(b) = 749*b**2 + 7510*b - 4. Determine x(-10).
-204
Let m(u) = -u**3 + 63*u**2 + 37*u - 443. Determine m(63).
1888
Let d(x) = 370*x - 11854. Give d(32).
-14
Let n(w) = -12*w**2 + 3817*w + 8019. Determine n(320).
659
Let d(j) = j**3 + 51*j**2 + 629*j + 286. Give d(-31).
7
Let x(o) = o**3 - 27*o**2 - 241*o - 419. Give x(-5).
-14
Let c(b) = -285224*b + 1996558. Calculate c(7).
-10
Let n(l) = 2*l**2 - 26*l - 474. Determine n(23).
-14
Let s(z) = -z**2 - 1488*z + 14989. Calculate s(10).
9
Let u(x) = -x**2 + 26421*x + 1641936. What is u(-62)?
-10
Let d(k) = k**3 - 34*k**2 + 249*k - 264. Calculate d(24).
-48
Let r(f) 